by z?
28
Let o = 7 - 4. Let q be 2/(-9) + (-906)/54. Let p = 18 + q. What is the remainder when o is divided by p?
0
Let f(i) be the second derivative of i**4/2 + i**3/3 + i**2 + 6*i. Calculate the remainder when 15 is divided by f(-1).
3
Let n be ((-9)/11 - 2/11) + 1. Suppose n = 5*q - 31 + 6. Suppose -4*i - i + 30 = 0. Calculate the remainder when i is divided by q.
1
Calculate the remainder when (-270)/(-8) - 2/(-8) is divided by (54 - 52) + (-7)/((-21)/9).
4
Let m(w) = 15*w**3 + 11*w**2 + 9*w - 1. Let z(t) = -7*t**3 - 5*t**2 - 4*t. Let g(i) = -6*m(i) - 13*z(i). What is the remainder when g(0) is divided by 3?
0
Let k(a) = 38*a - 1. Let c be k(7). Suppose c = -5*h - 345. Let q = -60 - h. What is the remainder when q is divided by 21?
20
Suppose -25*o + 56 = -11*o. Calculate the remainder when 39 is divided by o.
3
What is the remainder when 45 is divided by 2*(81/2)/(10 - 7)?
18
Let i(f) = -10*f + 399. Calculate the remainder when i(18) is divided by 17.
15
Suppose 26*y - 2*y - 2688 = 0. What is the remainder when y is divided by 29?
25
Let v = -40 - -32. Let g = -4 - v. What is the remainder when 11 is divided by g?
3
Let n(f) = -f**2 - 3*f + 4. Let z be (-5 - -2)*(-510)/45. Suppose 0 = -9*s + z + 11. What is the remainder when s is divided by n(-3)?
1
Suppose -6*t = 4*y - 9*t - 491, -t + 114 = y. Calculate the remainder when y is divided by 25.
19
Suppose 0 = -5*q + 6*q - 18. Suppose -q + 2 = 4*z. What is the remainder when 70/4*z/(-5) is divided by 9?
5
Let i = 28 + 6. Suppose -13*v + 5 = -i. What is the remainder when 55 is divided by v?
1
Let t(r) = -19*r - 1. Let c be t(1). Let k = 2 - c. Calculate the remainder when k is divided by 2 - -3 - (-12)/4.
6
Let j(u) = 28*u**2 + 86*u - 7. What is the remainder when j(-4) is divided by 6?
1
Let g = -116 + 141. Calculate the remainder when 28 is divided by g.
3
Let m be 59 + (-1 - (-1 - -1)). Let n = 10 + m. What is the remainder when n is divided by 10?
8
Let r be ((-6)/1)/(-2) + 1. Suppose i = 3*i + 4*q - 12, 3*i - 10 = 2*q. Calculate the remainder when i is divided by r + (0/2 - 1).
1
Suppose f = 3*v - 236, 114 + 796 = -4*f - 5*v. Calculate the remainder when f/(-4) + 12/8 is divided by 15.
14
Let r = -778 + 820. Calculate the remainder when 248 is divided by r.
38
Let n(r) = -20*r + 9. What is the remainder when n(-5) is divided by 10?
9
Suppose -s = a - 16, 0*s = -3*a - s + 58. Let o = -229 - -549. Suppose 5*u + 5*d = 330, 0 = 2*u + 3*u + 3*d - o. Calculate the remainder when u is divided by a.
19
Let s(v) = v**2 - 7*v - 28. Let x be 2/4*(-1 + (0 - 9)). Calculate the remainder when s(x) is divided by 4.
0
Let x(b) = -b**2 - 6*b + 1. Let f be x(-5). Suppose 0 = -0*a - a + 1, 5*p = a + 34. What is the remainder when 476/24 - (-1)/f is divided by p?
6
What is the remainder when 374 - (-63)/9 - 12 is divided by 10?
9
Let i = 9 - 2. Let u(v) be the second derivative of 13*v**5/10 - v**4/6 + v**3/6 + 39*v - 2. Calculate the remainder when u(1) is divided by i.
4
What is the remainder when 48 is divided by (-3 + -3)/3 + (-2 - -6)?
0
Let a(z) = -2*z**3 - 21*z**2 - 66*z + 17. What is the remainder when a(-5) is divided by 5?
2
Suppose 2*m + 4*l - 8*l = -58, -l = 4*m + 80. Let b = -7 - m. Calculate the remainder when 69 is divided by b.
13
Suppose -4*j = -3*n - 0*n - 8, 0 = -3*j + 4*n - 1. Suppose 4*r - j*r + 8 = 0. Calculate the remainder when 22 is divided by r.
6
Suppose -4*l = -l + 3. Let p(w) = -11*w**3 - 2*w**2 + 1. Let u = 121 + -93. What is the remainder when u is divided by p(l)?
8
Calculate the remainder when 14 - -8 - (-1)/(-2)*0 is divided by 9.
4
Let d be 1/((-3)/(-6) - 0). Suppose q - d + 0 = 0. Calculate the remainder when 5 is divided by q.
1
Suppose 2*i - d = 17, -4*d = 4*i + i - 10. Suppose -4*l + 37 = -j, -2*l + j - 3*j = -i. What is the remainder when 31 is divided by l?
7
Let y(z) = -2*z**2 + 15*z - 4. Let q be y(8). What is the remainder when 20 is divided by (-17)/(-2) - (-6)/q?
4
Let g(m) be the first derivative of 3*m**2/2 - 6*m + 7. What is the remainder when 41 is divided by g(7)?
11
Let a = 78 - 59. Suppose 0 = -a*i + 18*i + 5. Calculate the remainder when i is divided by 3.
2
Let y be 3 - 2 - (1 - 1). Suppose 41 = 5*n + y. Suppose 31 = 4*m - 57. What is the remainder when m is divided by n?
6
Suppose 8*o = -24*o + 1152. Calculate the remainder when 162 is divided by o.
18
Calculate the remainder when 125 is divided by (-267)/(-6) - -9*(-2)/12.
39
Suppose 9 = -0*f + 3*f. Calculate the remainder when 0 + f + 414/(9 - 3) is divided by 40.
32
Let h(s) = 6*s**2 + 3 - 2*s**2 - 2*s**2 + 78*s - 73*s. What is the remainder when 40 is divided by h(-4)?
10
Suppose -6*x = -114 - 390. What is the remainder when x is divided by 8?
4
Let m(c) = 1 + 7*c - c - 4 + 6*c. Calculate the remainder when m(4) is divided by 24.
21
Let s = -333 + 878. Calculate the remainder when s is divided by 21.
20
Let c be 5 - 0/(-1 + 0). Suppose -c*n + 0*n = -30. What is the remainder when 25 is divided by n?
1
Suppose -2*u - 23 = -129. What is the remainder when u is divided by 16?
5
Let i(w) = -w**2 - 3*w + 3. Let s be i(1). Let u = s + 10. Calculate the remainder when 44 is divided by u.
8
Let c(d) = -d**3 - 8*d**2 - 3*d - 1. Let x be -1 + 3 + (-13 - -3). Calculate the remainder when 44 is divided by c(x).
21
Let z = -17 + 50. Suppose -3*g + 0*g + z = 0. Calculate the remainder when (-9)/(1/(-2) + 3/15) is divided by g.
8
Suppose 2161 = 6*j + 25. Calculate the remainder when j is divided by 36.
32
Calculate the remainder when 2 - 3*7*-1 is divided by 2/(-12) - (-784)/96.
7
Suppose 16*v = 14*v - 44. Let t = v - -34. Calculate the remainder when 23 is divided by t.
11
Let u be (-4)/20 + 333/15. Suppose 3*v = 4 - u. Let t = v - -26. What is the remainder when t is divided by 11?
9
Let z(i) = -i**2 + 28*i + 105. Calculate the remainder when z(0) is divided by 39.
27
Let k be (2 + 0)/(-12 + 14). What is the remainder when (2/1)/((-2)/(-50)) + k is divided by 26?
25
Suppose -350 = 2*j - 6*j - y, 3*j = y + 266. Let o = j + -34. Suppose 5*m - 1 = 69. Calculate the remainder when o is divided by m.
12
Suppose 5*m = -u - 2, -3*m + 6*m + 9 = 2*u. What is the remainder when 18 is divided by u?
0
Suppose -a = 2, 0*a + 251 = w - 5*a. Calculate the remainder when w is divided by 41.
36
Let c = -27 + 31. Suppose i - 2*i = -11. What is the remainder when c is divided by 36/44 + 2/i?
0
Let k(x) = -x**3 - 25*x**2 - 29*x - 79. Let b = 68 - 47. What is the remainder when k(-24) is divided by b?
20
Let c(d) = -8*d**3 + d**2 - d + 1. Let n be c(1). Let m(u) = -5*u - 5. What is the remainder when 87 - (-4 + 4)/(1 - -1) is divided by m(n)?
27
Suppose -220 = -5*d + 2*r, -3*d + 188 - 56 = 3*r. Suppose f = -2*t + 2*f + d, -t + 17 = 2*f. What is the remainder when 60 is divided by t?
18
Let g = 168 + -113. Let y = g + -51. What is the remainder when 15 is divided by y?
3
Let u be 0/(3 - (4 + 3 + -1)). Let v = 11 - u. Calculate the remainder when 14 is divided by v.
3
Let f(c) = -c**3 - 7*c**2 - 9*c + 16. Calculate the remainder when f(-6) is divided by 20.
14
Suppose -2*o = -4*s + o + 160, 5*o = -s + 40. Suppose -4*r - 60 = -3*u - 16, r - 4 = -3*u. What is the remainder when s is divided by 2/r - 85/(-4)?
19
Suppose 2*c - 4*j - 10 = c, c - 1 = j. What is the remainder when (-17)/((10/25)/c) is divided by 22?
19
Suppose 2 = -2*j + j. What is the remainder when (14 - 20)*5/j is divided by 4?
3
Let v be (-4)/(-6) + (-30)/(-9). Let k = v + 4. Let w(c) = c**3 - 2*c**2 + 2*c + 15. What is the remainder when w(0) is divided by k?
7
Suppose 0*x + 5 = -2*x - 5*s, -2*s + 17 = -3*x. Let r be 20/x*34/8. Calculate the remainder when 14 is divided by 2/6 - r/3.
2
Let j(o) = -o**2 - 10*o + 9. Let l = -29 - -54. Let x = 17 - l. Calculate the remainder when 49 is divided by j(x).
24
Let t(m) = m**3 - 6*m**2 + 3*m + 10. Let a be t(5). Suppose -145 = -5*x + 2*g + 42, a = 4*g - 16. What is the remainder when x is divided by 20?
19
Let h be -10*((-2)/(-4) + (0 - 1)). What is the remainder when (h + -4)/((-2)/(-46)) is divided by 8?
7
Let k = 19 - 25. Calculate the remainder when (-344)/k*30/20 is divided by 22.
20
Suppose 3*h + 2*h = 100. Let l = 113 - 76. What is the remainder when l is divided by h?
17
Let p(k) = -k**3 + k**2 + 8*k + 4. Let n(r